 j*z + 19. Suppose 5*i - 16 - z = 0. Is i composite?
False
Suppose -j + 17 = 4*b, -2*b = 2*j + b - 19. Suppose 2787 = t + g, -j*t - 2*g = -6524 - 7417. Is t a prime number?
True
Let r(o) = -49*o + 5. Let s be r(-6). Let h be -11 - -9 - (0 + -5). Suppose -2*v = x - s, -h*v = -2*x - 0*x + 577. Is x prime?
True
Let g be 6*5/15*-127. Let w(f) = f**3 + 2*f**2 - 4*f + 7. Let m be w(-6). Let r = m - g. Is r composite?
True
Is (7122 - (-99)/(-9)) + 6 + 0 a prime number?
False
Let k = 7775 + -3784. Is k a prime number?
False
Let q be (29787/9)/(1/3). Let y = q - 6990. Is y a prime number?
True
Is ((-64166)/6)/(14/(-42)) prime?
True
Let r(l) = 15*l**2 - 5*l + 8. Let x be r(9). Let j = x - 591. Is j a prime number?
True
Suppose -63*o + 5381 = -62*o. Is o prime?
True
Let o be (-5)/(10/(-4)) + 2. Suppose o*l = 5*k - 4669, -3736 = -4*k + l + 2*l. Is k a prime number?
True
Suppose 2*y + 4*q - 57091 = -22017, 0 = y + 4*q - 17547. Let t be (-2)/10 - y/(-85). Suppose 2*d - t = -0*d. Is d prime?
True
Suppose 0 = -2*c + c + 2. Suppose -c*n + 0*b = -5*b - 208, -b - 192 = -2*n. Is n prime?
False
Suppose 0 = -4*f + 2767 + 2613. Suppose i = 2*i - f. Is i composite?
True
Let b(p) = -p**3 - 4*p**2 + 5*p. Let v be b(-5). Suppose 3*z + g - 11 = v, -4*z + 2*g - 18 = -9*z. Suppose y - z*y = -3*x + 750, -3*x + 748 = -5*y. Is x prime?
True
Suppose 6 + 2 = 2*r - 2*v, r = 5*v + 8. Let b be (r - (-10)/(-3))*6. Is 1 - (1 + 14/b) a prime number?
True
Let m(o) = 1189*o**2 + 20*o + 41. Is m(-2) a prime number?
False
Let t(n) = n**3 + 7*n**2 - 4*n + 12. Let m be t(-6). Let x = m - -443. Is x composite?
True
Is (-74498)/(-14) - (8 + (-216)/28) prime?
False
Suppose 0 = -d + 2*d - 11. Suppose 4*q - d*q = -7063. Is q a prime number?
True
Let m be 3 - (-12 - (3 + -3)). Let r = 17 - m. Suppose -r*w = -7*w + 30. Is w a prime number?
False
Let c(q) = -q**2 - 19*q - 27. Suppose 8*d - 4*d = -48. Is c(d) a prime number?
False
Is 4/(-8)*6 - (-88637 + -11) prime?
False
Let h(z) = -19*z**3 + 2*z**2 - z - 3. Let b(o) = -3*o + 17. Let t be b(7). Let y be h(t). Suppose 0 = -0*a - 2*a + 3*m + y, 5*a - 4*m = 3119. Is a composite?
True
Let a = -28 - -23. Let d be (66/a)/(4/(-20)). Suppose 4*j = 6*j - z - d, -5*z = 3*j - 125. Is j composite?
True
Suppose -9*w - 2304 = -5*w. Let x = w + 1170. Suppose -x = -5*g + 1991. Is g a prime number?
False
Let c be 2*(4 + (340/(-8))/(-5)). Suppose 4*t + 0*q + 4*q = 28, -3*t + c = 2*q. Is t a composite number?
False
Let k(z) = z**3 + 11*z**2 - 7*z - 7. Let n = -18 - -23. Suppose -n*m - 5*h - 50 = 0, -h - 20 = 2*m - 4*h. Is k(m) a prime number?
True
Let q(x) = 16682*x**2 + 31*x - 90. Is q(3) a prime number?
False
Let v be 36/8 - (-1)/(-2). Suppose -3*j + 3*k + 892 = 331, -v*j - 5*k = -784. Let q = j - 70. Is q composite?
True
Let y(h) = -14*h + 135. Is y(-8) prime?
False
Let s be 9184/(-70) + 8/(-10). Let c = 83 + -150. Let f = c - s. Is f a prime number?
False
Let n = -30 - -50. Let j = n - -30. Suppose -t - j = -6*t. Is t prime?
False
Suppose s + 3412 + 685 = 2*z, 10235 = 5*z - 4*s. Is z a prime number?
False
Let z = -89 + 94. Suppose 4367 = z*k + 6*k. Is k a composite number?
False
Let r = 123 + -123. Suppose r*s = 13*s - 135785. Is s composite?
True
Let r be (-4)/((-40)/98966) - 15/25. Suppose 0 = -4*i + 4*w + r, 0 = i - 0*w + 2*w - 2465. Is i composite?
True
Let x = -3258 + 11521. Is x prime?
True
Suppose -3601 = -2*l + 5*f + 2574, 3*f + 6173 = 2*l. Is l prime?
False
Suppose 2*p = -i + p + 13, 0 = -3*i + 5*p + 15. Is (-1528)/i*15/(-6) composite?
True
Let z(h) = 6*h**2 - h + 1. Let j be z(1). Let i be 4/j - 80/(-24). Suppose 4*m - 53 = 3*m + 5*q, -q - 174 = -i*m. Is m a composite number?
False
Let v = 52 - 48. Suppose -v*q = 2*q - 30786. Is q prime?
False
Is 1/(((-12)/(-13964))/3) a prime number?
True
Let s(f) = f**3 + 16*f**2 + 2. Let o be s(-16). Suppose o*u - 1752 + 398 = 0. Is u a composite number?
False
Suppose 50*h - 49*h - 41845 = 0. Is h composite?
True
Suppose z + 4*l = 29 - 4, 3*z + 4*l = 51. Suppose -8*c - 2515 = -z*c. Is c composite?
False
Let r be 17926/8 - 1/(16/(-4)). Suppose -3*x - 2*x - 5*z + 3775 = 0, 3*x - 3*z - r = 0. Is x prime?
True
Suppose -5*m = -2*a - 3, 0 = m + 3*a + a - 5. Is (356/8)/(m/2) composite?
False
Is -10*(8/(-20))/((-28)/(-60235)) prime?
False
Suppose -z - 25710 = -6*z + 5*x, 3*x = -2*z + 10309. Is z composite?
False
Is (-7249473)/(-399) - (-2)/(-19) composite?
False
Let b(z) = z**3 + z**2 + 2*z + 6. Let n be b(3). Suppose 2*g - 142 = n. Is g composite?
True
Is (-178)/(-1)*(-422)/(-4) a composite number?
True
Let c be 3/(-6) + 0 - 5217/2. Let j = c + 4812. Is j a composite number?
False
Is (4/12)/(12/185292) prime?
True
Let k(b) = b**2 - 3*b + 2. Let m be k(2). Suppose -5*u = -l - 649, -3*u - 649 = -m*l + l. Let c = l + 986. Is c composite?
False
Suppose -633 = 3*c - 5*m + 18, -5*c - 4*m - 1048 = 0. Suppose 97 = -t + 422. Let h = t + c. Is h a prime number?
True
Suppose 32*l = 39*l - 531391. Is l a composite number?
False
Let w(c) = -553*c**3 - 2*c**2 + 8*c + 14. Is w(-3) composite?
True
Suppose 29*w - 228338 + 20205 = 0. Is w composite?
False
Suppose 0 = -2*n - 2*n + 5*h - 513, 5*h + 147 = -n. Let w = -77 - n. Is w composite?
True
Suppose -r + 6383 = 3*r - 3*j, -4*r = -2*j - 6382. Suppose -2*q - 857 = -3*i - 2412, 5*i - r = -2*q. Is q a composite number?
True
Let a = 2164 + -437. Suppose 6*r - a = 3799. Is r a composite number?
True
Let j(b) = -b**2 - 2*b + 5. Let a be j(-3). Is 95*a/(-20)*-2 a prime number?
True
Suppose 55*b - 53*b - 3444 = 0. Suppose -4*p + 1354 = -b. Is p a composite number?
False
Is 124/16 + -7 + 4971/12 prime?
False
Suppose -2*w = -3*i + 629, w = 3*w - 4*i + 632. Let a = -364 - -197. Let p = a - w. Is p composite?
True
Let d = 10853 - 3496. Is d a composite number?
True
Let m be 7/(14/(-32)) + 1. Let b = m - -20. Suppose -2*k + 5*j + 358 = 0, -b*j + 70 = -k + 249. Is k a composite number?
False
Suppose -6*t + 3 = -27. Suppose 5*a = -h + 283 + 4494, -t*a = -2*h - 4771. Is a a prime number?
False
Let y(o) = -95*o - 4. Let q be y(-8). Suppose 2*r + 1296 = 494. Let z = q + r. Is z composite?
True
Suppose 16*r - 403086 = -55678. Is r a composite number?
False
Suppose 0 = 3*z - 3, 0*s + 3*s + 2*z - 389 = 0. Let x = s - 28. Suppose -x - 84 = -i. Is i a prime number?
False
Suppose -2*k + 291 = 3*f - 292, 4 = 2*k. Let d = 81 + -125. Let a = f + d. Is a composite?
False
Suppose -4*a + 22 = 2*t, -5*t = -0*a + 2*a - 15. Is (-45 - t)*(-7)/14 composite?
False
Let f be -19 + 14 + -62 + 0/(-3). Let w(t) = 9*t**2 - t + 1. Let m be w(4). Let b = f + m. Is b prime?
False
Let m = 750 + -529. Let u = 436 - m. Is u a prime number?
False
Is -3*(-6275 - (3 + -1)) a prime number?
False
Let i(c) = 783*c + 11. Let m be i(9). Suppose l - m = -4*v - l, -v = 5*l - 1787. Is 8/(-12) + v/6 prime?
True
Suppose 61150 + 18152 = 3*h. Is h composite?
True
Suppose -w = -2*r + 5*r - 3711, -w + 1237 = r. Is r a prime number?
True
Is 2918631/46*(2 - (-12)/(-9)) a prime number?
True
Suppose -z - 3*v = 6, -v = -2*v - 2. Let s(a) = -a + 33*a**2 - 2 + z + 1 + 2. Is s(2) a composite number?
False
Let d = -45 - -11. Let s = d - -89. Is s a prime number?
False
Let u(p) = 2*p**2 + p + 2. Let c be u(-1). Suppose -c*j + 810 = -j + 4*k, 4*j - 1648 = -k. Is j a composite number?
True
Suppose -4*n + 27 = 5*n. Suppose n*p = 5*p - 14. Is p prime?
True
Let y = -22 - -29. Suppose 0 = 9*k - y*k - 1894. Is k composite?
False
Let b(c) = 498*c - 14. Let a(t) = -249*t + 7. Let k(s) = 5*a(s) + 2*b(s). Is k(-4) composite?
True
Suppose -4*r = -2*p + 1054, -5*p + 2*p + 1551 = 4*r. Is p a prime number?
True
Let z be (1 - 4) + (-30)/(-3). Suppose 3*d + z*d - 12850 = 0. Is d a composite number?
True
Let x = 61 - 59. Is (-393)/x*(-2)/3 prime?
True
Suppose -8*k = 5*k - 170209. Is k composite?
False
Let w(n) = 517*n**2 + n + 53. Is w(8) composite?
False
Let o(c) = 4961*c - 292. Is o(15) a prime number?
False
Suppose 5*v + 4*i = 8685, -36*i - 8645 = -5*v - 32*i. Is v a prime number?
True
Let y(a) = 2*a**2 + 3*a - 15. Is y(14) a composite number?
False
Suppose 22*p = 25*p - 9. Suppose -p*h + 15114 = 3*u, 5*u - h + 2*h = 25170. Is u a composite number?
True
Suppose -5*b + 46 = -4*j, j + 4 = 5*j. Let m = b + -7. Suppose -81 + 372 = m*o. Is o prime?
True
Let x = 1984 - 1172. Let